e factors of 86100669.
3, 9566741
What are the prime factors of 1949316452?
2, 283, 1033, 1667
List the prime factors of 575712823.
7, 47, 1749887
What are the prime factors of 9474720275?
5, 378988811
What are the prime factors of 113564929?
113564929
List the prime factors of 113865406.
2, 61, 127, 7349
List the prime factors of 119794107.
3, 19, 2101651
List the prime factors of 305760977.
19, 16092683
What are the prime factors of 41953576?
2, 7, 749171
What are the prime factors of 214118401?
7, 109, 280627
List the prime factors of 2738997117.
3, 19, 16017527
List the prime factors of 43479461.
3943, 11027
What are the prime factors of 35464890?
2, 3, 5, 17, 69539
List the prime factors of 1332077423.
1332077423
List the prime factors of 2652063911.
7, 37, 127, 80627
List the prime factors of 79156808.
2, 43, 230107
List the prime factors of 130776862.
2, 229, 285539
What are the prime factors of 285229142?
2, 11, 347, 37363
List the prime factors of 258541929.
3, 43, 83, 2683
What are the prime factors of 3861789103?
28283, 136541
List the prime factors of 9308996.
2, 17, 136897
What are the prime factors of 159899914?
2, 79949957
What are the prime factors of 8278350400?
2, 5, 37, 139837
What are the prime factors of 345845766?
2, 3, 7, 113, 72871
What are the prime factors of 30143878?
2, 15071939
List the prime factors of 51983926.
2, 17, 1528939
List the prime factors of 158413731.
3, 7, 7543511
What are the prime factors of 248719133?
13, 89, 227, 947
List the prime factors of 191283083.
1129, 169427
What are the prime factors of 3848298741?
3, 7, 19, 51031
List the prime factors of 1149004950.
2, 3, 5, 2027, 3779
What are the prime factors of 1341603422?
2, 2663, 251897
List the prime factors of 672775595.
5, 17, 797, 9931
List the prime factors of 40641883.
17, 2390699
List the prime factors of 175547187.
3, 4201, 4643
What are the prime factors of 76963577?
3767, 20431
List the prime factors of 2218673083.
11, 83, 2430091
What are the prime factors of 4539692734?
2, 373, 1783, 3413
What are the prime factors of 27845970?
2, 3, 5, 41, 22639
List the prime factors of 278908995.
3, 5, 18593933
List the prime factors of 369083190.
2, 3, 5, 7, 43, 5839
What are the prime factors of 87589424?
2, 13, 421103
List the prime factors of 10777770.
2, 3, 5, 31, 3863
List the prime factors of 996898296.
2, 3, 659, 63031
List the prime factors of 904057234.
2, 151, 2993567
What are the prime factors of 99528922?
2, 6337, 7853
List the prime factors of 4640160.
2, 3, 5, 7, 1381
List the prime factors of 17223204.
2, 3, 37, 38791
What are the prime factors of 69817009?
69817009
What are the prime factors of 5718650?
2, 5, 7, 16339
What are the prime factors of 1415748523?
7, 47, 614741
What are the prime factors of 1070894176?
2, 11, 877, 3469
What are the prime factors of 461448493?
11, 17, 29, 85091
List the prime factors of 6320043049.
18121, 348769
List the prime factors of 80621535.
3, 5, 5374769
What are the prime factors of 451689384?
2, 3, 29, 61, 10639
List the prime factors of 76505164.
2, 19126291
What are the prime factors of 1331106652?
2, 389, 855467
What are the prime factors of 1933595603?
73, 26487611
What are the prime factors of 18958396?
2, 4739599
List the prime factors of 39418176.
2, 3, 7, 139, 211
What are the prime factors of 279222747?
3, 3067, 30347
What are the prime factors of 233920037?
13, 17993849
List the prime factors of 13019076.
2, 3, 7, 17, 1013
What are the prime factors of 748393420?
2, 5, 37419671
What are the prime factors of 233182098?
2, 3, 17, 19, 29, 461
List the prime factors of 148377588.
2, 3, 113, 109423
What are the prime factors of 236561834?
2, 17, 43, 161807
List the prime factors of 129813927.
3, 241, 179549
List the prime factors of 1116785433.
3, 4643, 80177
What are the prime factors of 979683554?
2, 59, 8302403
List the prime factors of 2545283614.
2, 193, 2543, 2593
List the prime factors of 283850387.
103, 2755829
List the prime factors of 1529664081.
3, 11, 277, 167341
List the prime factors of 41355306.
2, 3, 41, 18679
What are the prime factors of 128313887?
13, 41, 240739
What are the prime factors of 19751894?
2, 23, 429389
What are the prime factors of 27363280?
2, 5, 7, 131, 373
What are the prime factors of 25394616?
2, 3, 13, 2087
What are the prime factors of 44263239?
3, 14754413
What are the prime factors of 141185700?
2, 3, 5, 52291
What are the prime factors of 3098977787?
17, 29, 53, 118603
List the prime factors of 9614733.
3, 3204911
What are the prime factors of 54925509?
3, 3089, 5927
List the prime factors of 59667170.
2, 5, 5966717
List the prime factors of 40699317.
3, 103, 131713
What are the prime factors of 47165466?
2, 3, 7860911
What are the prime factors of 125076763?
7, 2552587
What are the prime factors of 3880492370?
2, 5, 1429, 271553
List the prime factors of 3179059140.
2, 3, 5, 499, 106181
List the prime factors of 152851978.
2, 1531, 49919
What are the prime factors of 45588297?
3, 59, 257561
List the prime factors of 26275213.
109, 193, 1249
What are the prime factors of 3141000464?
2, 7, 59, 475333
List the prime factors of 428069344.
2, 181, 73907
List the prime factors of 108313668.
2, 3, 3008713
What are the prime factors of 356457297?
3, 7, 37, 193, 2377
What are the prime factors of 254265604?
2, 241, 263761
List the prime factors of 68994722.
2, 34497361
What are the prime factors of 178169264?
2, 7, 13, 9413
What are the prime factors of 332743168?
2, 397, 1637
List the prime factors of 37696172.
2, 23, 29, 71, 199
What are the prime factors of 97547882?
2, 48773941
What are the prime factors of 40147227?
3, 4460803
List the prime factors of 75571966.
2, 5227, 7229
List the prime factors of 5008533379.
37, 135365767
What are the prime factors of 1694952763?
7, 29, 73, 114377
List the prime factors of 142219541.
19, 571, 13109
What are the prime factors of 3616216464?
2, 3, 7, 31, 49597
What are the prime factors of 600318645?
3, 5, 40021243
What are the prime factors of 332740965?
3, 5, 47, 101, 4673
List the prime factors of 416270996.
2, 104067749
List the prime factors of 133404431.
133404431
List the prime factors of 67731518.
2, 33865759
What are the prime factors of 2961953156?
2, 23, 31, 37, 28069
List the prime factors of 81254738.
2, 37, 1098037
What are the prime factors of 37813275?
3, 5, 41, 4099
What are the prime factors of 909266061?
3, 11, 23, 41, 61, 479
List the prime factors of 1240818565.
5, 7, 47, 754297
What are the prime factors of 949629576?
2, 3, 7, 19, 297503
What are the prime factors of 83247467?
83247467
List the prime factors of 165909620.
2, 5, 8295481
What are the prime factors of 662991965?
5, 71, 83, 22501
List the prime factors of 3936667598.
2, 1968333799
What are the prime factors of 407747244?
2, 3, 17, 1998761
What are the prime factors of 137133174?
2, 3, 37, 617717
What are the prime factors of 83922714?
2, 3, 4662373
List the prime factors of 1028563833.
3, 11, 67, 89, 5227
List the prime factors of 388534545.
3, 5, 7, 457, 2699
What are the prime factors of 254819480?
2, 5, 6370487
What are the prime factors of 21096162?
2, 3, 1172009
List the prime factors of 85229615.
5, 17045923
What are the prime factors of 71627551?
43, 1665757
List the prime factors of 2652356173.
2652356173
List the prime factors of 16870442.
2, 19, 131, 3389
List the prime factors of 48180476.
2, 151, 79769
List the prime factors of 14182649.
13, 83921
List the prime factors of 472021537.
13, 36309349
List the prime factors of 3479713639.
43, 179, 452087
What are the prime factors of 5747796328?
2, 73, 9842117
What are the prime factors of 494370643?
13, 359, 105929
What are the prime factors of 30853122?
2, 3, 31, 165877
What are the prime factors of 166426302?
2, 3, 7, 29, 107, 1277
List the prime factors of 24112227.
3, 8037409
List the prime factors of 273592711.
7, 39084673
What are the prime factors of 7612962?
2, 3, 7, 41, 4421
List the prime factors of 3972918733.
7, 567559819
List the prime factors of 1088920906.
2, 43, 149, 84979
List the prime factors of 91185135.
3, 5, 29, 209621
What are the prime factors of 714871467?
3, 26476721
What are the prime factors of 1119308734?
2, 19, 991, 29723
What are the prime